s of m.
2
Let o(y) = -2*y - 4. Let a be o(-5). Suppose -2*k - a = 0, f - 2*f - 4*k = 2. List the prime factors of f.
2, 5
Let d(p) = p**2 + 6*p - 8. Let u be d(-8). Suppose -2 = -a + u. Let i(t) = 2*t - 10. List the prime factors of i(a).
2, 5
Suppose b = 2*b - 172. What are the prime factors of b?
2, 43
What are the prime factors of (-297)/(-22)*(-2)/(-3)?
3
Suppose 9 - 34 = -5*t. What are the prime factors of (-51)/(-5) + (-1)/t?
2, 5
List the prime factors of 0/((-12)/(-3)) + 45.
3, 5
Let z(d) = -4*d**3 - 7*d**2 + 5 + 3*d**3 + 2*d**2. What are the prime factors of z(-5)?
5
Let o = 24 + -24. Suppose 5*b = 4*d + 166 + 13, o = -2*b + 5*d + 75. List the prime factors of b.
5, 7
Suppose -2*w - 4*l = -0*w - 2, 4*w = 4*l - 32. Let t be (-16)/(-20)*w/(-2). What are the prime factors of (1/t)/(1/4)?
2
Let g(h) = 5*h**3 - 1. Let b be g(1). Suppose 12 = -b*c + 5*n, n - 9 = 4*c - c. What are the prime factors of (-4)/6*5*c?
2, 5
Suppose -4*t - 4*z = -248, -3*z = -2*z. What are the prime factors of t?
2, 31
Let g(b) = -b**2 + 7*b - 6. Let c be g(6). Suppose 2*r + 0*r = 5*x + 29, 5*x - 15 = c. What are the prime factors of r?
2, 11
Let d = 6 + -6. Suppose 0 = -x + 4*l + 21, d*x + 3*l - 31 = -2*x. List the prime factors of x.
17
Suppose -4*q = 2*m - 14, -4*m = 3*q - 0*m - 13. What are the prime factors of q?
3
Suppose -5*o + 5*g - 60 = 0, 3*g + g - 4 = 0. Let v = o - -30. List the prime factors of v.
19
Suppose 0 = -3*v + j - 6*j + 9, -3*j = 4*v - 1. List the prime factors of v*3/(-6) - -2.
3
Suppose -2*v = -19 - 1. What are the prime factors of v?
2, 5
Let x(j) = j**2 + 8*j + 6. Let s be x(-6). Let z(c) = 2*c + 9. Let p be z(s). Let a = 13 + p. List the prime factors of a.
2, 5
Let y(i) = -i**3 - 6*i**2 + 9*i + 14. Let o be y(-7). Suppose 3*a - 5*s - 116 = o, a + 3*s + 44 = 2*a. List the prime factors of a.
2
Suppose 4*w - 62 - 100 = -3*q, -4*q - 3*w + 216 = 0. What are the prime factors of q?
2, 3
Let g = 13 - -5. What are the prime factors of g?
2, 3
Let t(v) be the first derivative of -3*v**2/2 + 3*v + 7. What are the prime factors of t(-9)?
2, 3, 5
Suppose -4*v = 3*y - 56, -5*v = -0*v - 5*y - 105. What are the prime factors of v?
17
Let z(f) = -f**2 - 11*f - 6. Let s be z(-10). Suppose s*b - 69 = -1. List the prime factors of b.
17
Let n(y) = -2*y**3 - 4*y**2 - 7*y - 3. What are the prime factors of n(-2)?
11
Let m be -2*((-46)/4 + -3). Suppose 2*j - 1 = -3, m = 2*d - j. List the prime factors of d.
2, 7
Suppose 358 = 6*q + 76. List the prime factors of q.
47
Let n be (-4 + (-2)/1)/2. List the prime factors of (-21)/1*2/n.
2, 7
Let p(g) = 195*g**2 - 1. What are the prime factors of p(-1)?
2, 97
Let g(o) = -2*o + o**2 + 3*o + o + 6. Suppose 5*v = -19 - 1. What are the prime factors of g(v)?
2, 7
Let n = 102 + -61. List the prime factors of n.
41
Let b(s) = -s**2 - 9*s + 8. Let v be (1/1)/(4/(-32)). Let m be b(v). Suppose 3*k - 2*k = 2*z + m, 3*z - 20 = -4*k. What are the prime factors of k?
2
Let p(d) = d**2 - 7*d - 6. Let s be p(8). Suppose 0 = s*i - 3*f - 19, -i - 76 = -4*i - 5*f. What are the prime factors of i?
17
Let d(m) = -4*m. What are the prime factors of d(-7)?
2, 7
Let v(l) = -l**2 - 7*l + 6. Suppose -3*s + 4*z + 4 - 31 = 0, 3*s + 18 = z. What are the prime factors of v(s)?
2
Let y = -11 - -13. Suppose 2*k - 80 = y*g, 0 = 4*k + g + 3 - 153. List the prime factors of k.
2, 19
Let n(o) = -22 + 4*o**3 + 6*o - 5*o**3 + 4*o**2 + 18. List the prime factors of n(4).
2, 5
Let g(h) be the second derivative of h**4/12 + h**3/6 - h**2/2 + h. Let c be g(-3). Let n = 5 + c. List the prime factors of n.
2, 5
Suppose 3*v = -0*v - 12. Let z = 8 - v. List the prime factors of z.
2, 3
Let g be (-198)/12 - 1/2. Let s = 24 + g. What are the prime factors of (-3)/((-15)/s - -2)?
3, 7
Suppose 0 = r - 8 - 44. What are the prime factors of r?
2, 13
Suppose 3*j + 75 = 8*j. Let r = j + -7. List the prime factors of r.
2
Let f = 22 - -19. List the prime factors of f.
41
Let f(p) = p**3 + 26*p**2 - 3*p - 31. List the prime factors of f(-26).
47
Suppose 0 = 2*z + 4*z - 516. List the prime factors of z.
2, 43
Suppose 0 = -0*y - 2*y + 4, -5*k = 5*y - 1370. What are the prime factors of k?
2, 17
Let m(i) = i**3 - i**2 - i - 2. Suppose -3*r - 12 = -7*r. List the prime factors of m(r).
13
Suppose 2*q = -q + 6. What are the prime factors of q?
2
Let l be (-4)/14 + (-288)/(-28). Let h = -6 + l. Suppose h*v = v + 27. What are the prime factors of v?
3
Let s(b) = -13 - 6*b - 2*b**3 + 0*b**3 + 8*b**2 + 3*b**3 - 6*b. List the prime factors of s(-9).
2, 7
List the prime factors of -3 + (-3 - 2*-10).
2, 7
Let v = 20 - 8. Suppose -h = -2*y - v, 2*y - 1 = 3*y. List the prime factors of h.
2, 5
Let i(x) = 2*x**2 + 3*x + 3. What are the prime factors of i(-3)?
2, 3
Suppose -172 = -4*x + 2*x. What are the prime factors of x?
2, 43
Let v(k) = k**3 - 4*k**2 + k + 3. Let n be v(3). Let r be 4/2*6/n. List the prime factors of (-316)/(-36) + r/(-18).
3
Let o be (5/2)/((-5)/(-10)). List the prime factors of (9/o)/(3/10).
2, 3
Let f = 12 + 24. What are the prime factors of f?
2, 3
Let f = -6 + 4. Let x be (-71 - f) + (0 - 1). What are the prime factors of (2/(-5))/(2/x)?
2, 7
Let g(m) = -5*m + 31. Let c(s) = s - 6. Let w(x) = -11*c(x) - 2*g(x). Let b be w(4). Suppose b*d = 5*l - d - 22, -3*l + 8 = 2*d. List the prime factors of l.
2
List the prime factors of 0/(-1) - -13*(4 + -3).
13
Let o be 9 + 1 + -2 + 2. List the prime factors of o*(-1 - 21/(-15)).
2
Let j(v) = -v**2 + 3*v + 5. Let g be j(4). Let c = 10 - g. What are the prime factors of c?
3
Let h be (-5 + 1)*60/(-5). What are the prime factors of ((-1)/2)/((-3)/h)?
2
Suppose -33 + 13 = -4*z. Let x(j) = j**2 - 2*j - 1. Let r be x(z). Suppose 5*q = 49 - r. List the prime factors of q.
7
Suppose -4 = 2*d - 6*d. Let t be (2/6)/(d/(-3)). List the prime factors of 1 - 10/(1/t).
11
Let i(d) = d**3 + 5*d**2 - 6*d + 11. What are the prime factors of i(-6)?
11
Suppose 163 + 5 = 4*l. Suppose -3*s + l = -33. What are the prime factors of s?
5
Suppose -12*n = -9*n. Let k(p) be the second derivative of -p**5/20 + p**4/12 - p**3/6 + 3*p**2/2 - p. List the prime factors of k(n).
3
Let u(x) = -x**2 - 7*x - 7. Let g be u(-5). Suppose 4*n + 2*j = j + 31, 5*j - 36 = -g*n. List the prime factors of n.
7
Suppose t - w - 10 - 10 = 0, -t = -3*w - 24. Suppose 2*j + 73 = 3*c, -2*c - 5*j + t = -18. List the prime factors of c.
23
Let v(h) = 2*h**2 + 12*h + 11. List the prime factors of v(-11).
11
Suppose -v = -s + 155, 4*s + 0*s = -3*v + 599. List the prime factors of s.
2, 19
Let r(k) = k + 11. Let b be r(-8). Suppose -b*d + 1 = -23. List the prime factors of (d/3)/((-2)/(-9)).
2, 3
Suppose -2*v = -5*v + 6. List the prime factors of v.
2
List the prime factors of (-40)/(5/(110/(-4))).
2, 5, 11
Let v = -215 + 315. Let j = 144 - v. What are the prime factors of j?
2, 11
What are the prime factors of (-1314)/(-27) - (-2)/6?
7
Let c be -2*1 - (-1 + 4). Let i(o) = -4*o**3 + 3*o**2 - 11*o - 1. Let d(x) = -x**3 + x**2 - x - 1. Let f(q) = c*d(q) + i(q). List the prime factors of f(4).
2, 3
Let h(s) = -s**3 + 8*s**2 - 6*s - 6. Let d be h(7). List the prime factors of d*5*(6 - 1).
5
Let c be 63/4 + 6/24. Let s = c - 6. List the prime factors of (s - -2)*3/4.
3
Let y(j) = 2*j + 13. Let r be y(-6). Let a(z) = 20*z + 1. What are the prime factors of a(r)?
3, 7
Let o be ((-182)/6 - -1)*-3. Suppose i = -3*i + o. List the prime factors of i.
2, 11
Let c be -4*(0 + (-2)/2). Suppose 15 = c*w - 1. Suppose -15 = -4*r - m, -w*r + 0*r + 4*m = 0. List the prime factors of r.
3
What are the prime factors of ((-8)/(-6))/(16/24)?
2
Let y(s) = -6*s - 3. Suppose 0*f + 5*f = -20. List the prime factors of y(f).
3, 7
Let i(j) = j + 4. Let u be i(-4). Suppose u = 5*q - 2*m - 103, -4*q - m + 104 = 19. List the prime factors of q.
3, 7
List the prime factors of (-2 + (-87)/12)*-4.
37
Suppose -5*w + 110 = -35. Suppose -16 - w = -5*m. What are the prime factors of m + -1*3/3?
2
Let u(m) = 5*m + 106. List the prime factors of u(0).
2, 53
Suppose 3*i - 5*x = -2*i + 20, -i = 5*x - 4. Suppose g + i*h = -8, -6*g - h + 55 = -g. List the prime factors of g.
2, 3
Suppose -146 + 34 = -4*n. List the prime factors of n.
2, 7
Suppose 5*c - 4*f = 188, -3*c + 7*c = 2*f + 154. List the prime factors of c.
2